**2 - 17*o + 51. Calculate a(11).
-15
Let p(r) = -r**2 + 28*r + 48. Calculate p(24).
144
Let q(i) = -337*i - 1328. Give q(-4).
20
Let s(t) = 2*t**2 + 539*t + 35717. What is s(-152)?
-3
Let a(l) = -l**3 - 22*l**2 + 20*l - 83. Determine a(-23).
-14
Let v(g) = g**3 - 7*g**2 - 28*g + 9. Determine v(10).
29
Let h(a) = 3475*a + 45182. Determine h(-13).
7
Let j(b) = b**2 + 122*b + 9. Calculate j(0).
9
Let w(m) = -m**2 - 4*m + 686. Calculate w(27).
-151
Let v(c) = -90*c - 11071. Give v(-123).
-1
Let g(m) = -m**2 - 548*m - 2172. What is g(-4)?
4
Let k(n) = n**3 + 56*n**2 + 386*n + 95. What is k(-48)?
-1
Let x(o) = 33*o - 665. Determine x(20).
-5
Let n(k) = -5906*k - 35422. Give n(-6).
14
Let w(c) = -c**3 + 2*c**2 - 3*c - 1. Give w(-1).
5
Let a(f) = -f**3 - 11*f**2 - 6*f - 18. Calculate a(-9).
-126
Let r(o) = -6635*o - 39802. Give r(-6).
8
Let u(i) = -3*i + 14. Determine u(-16).
62
Let v(s) = -29*s - 426. Determine v(-8).
-194
Let o(t) = t**2 + 96*t + 2131. Calculate o(-59).
-52
Let t(j) = -3*j**2 + 9*j - 23. Calculate t(3).
-23
Let q(r) = r**3 + 22*r**2 + 78*r - 83. Calculate q(-17).
36
Let g(f) = -5*f**2 - 167*f - 653. Calculate g(-29).
-15
Let x(u) = -3*u**2 - 111*u + 1. Calculate x(-8).
697
Let s(f) = -22*f**2 - 15*f + 29. Determine s(2).
-89
Let q(b) = b**3 + 55*b**2 + 54*b - 1. Determine q(-54).
-1
Let s(y) = y**2 + 58*y - 260. Determine s(-62).
-12
Let i(x) = 3*x**2 + 10*x + 154. Determine i(-8).
266
Let w(h) = -3*h**2 + 29*h + 26. Determine w(9).
44
Let a(c) = 15*c**3 - 65*c**2 + 34*c - 49. Determine a(4).
7
Let s(p) = -3*p**2 + 27*p - 17. What is s(11)?
-83
Let m(y) = -10*y - 44. Determine m(1).
-54
Let r(c) = -581*c - 39522. Give r(-68).
-14
Let l(f) = -f**3 + 2*f**2 + 4*f - 2. What is l(-4)?
78
Let s(b) = b**2 + 43*b + 424. Determine s(-18).
-26
Let o(c) = 100*c + 488. What is o(-5)?
-12
Let n(r) = -33*r - 620. Give n(-20).
40
Let y(q) = -11*q**2 - 11*q - 80. What is y(-5)?
-300
Let f(n) = n**3 + 34*n**2 + 67*n + 171. What is f(-32)?
75
Let f(c) = -8*c**2 + 12*c + 34. Calculate f(6).
-182
Let z(h) = 3*h**2 + 25*h - 80. Calculate z(3).
22
Let r(y) = -y**3 - 8*y**2 - 19*y - 34. Give r(-6).
8
Let u(l) = 1286*l - 145313. Give u(113).
5
Let k(w) = -w**3 - 113*w**2 + 361*w + 1524. What is k(-116)?
16
Let j(u) = 3*u**3 - 14*u**2 - 14*u - 59. Give j(6).
1
Let y(b) = -8*b**3 - 49*b**2 - 132*b - 755. Calculate y(-6).
1
Let a(z) = -4*z**2 - 222*z + 949. Give a(4).
-3
Let x(v) = -v**3 - 4*v**2 + 170*v - 516. What is x(9)?
-39
Let v(j) = 2*j**2 - 19*j + 48. What is v(3)?
9
Let x(n) = n**3 + 22*n**2 + 44*n - 246. What is x(-19)?
1
Let j(z) = 28*z + 227. Give j(-7).
31
Let u(w) = 15*w**2 + 162*w - 75. Determine u(-12).
141
Let q(l) = -35*l + 284. Determine q(7).
39
Let a(f) = f**2 + 303*f - 17663. What is a(50)?
-13
Let d(a) = 139*a + 4405. Calculate d(-31).
96
Let x(s) = -483*s - 2918. What is x(-6)?
-20
Let z(p) = -5*p**2 + 51*p - 63. Give z(8).
25
Let s(b) = -4*b**2 + 102*b + 76. Give s(25).
126
Let p(k) = 48*k + 394. Calculate p(-9).
-38
Let x(s) = s**3 - 15*s**2 + 33*s - 499. Determine x(15).
-4
Let d(i) = 182*i - 1823. Calculate d(10).
-3
Let j(l) = l**3 + 11*l**2 - 51*l - 290. What is j(-10)?
320
Let y(s) = -147*s - 10. Calculate y(-1).
137
Let s(u) = -u**2 + 16*u + 73. What is s(-5)?
-32
Let r(a) = a**3 - 21*a**2 + 52*a + 4. Calculate r(3).
-2
Let z(q) = 52*q + 732. Calculate z(-14).
4
Let a(c) = -c**2 - 4*c + 122. Determine a(8).
26
Let o(r) = r**3 + 11*r**2 - 9*r - 92. Determine o(-12).
-128
Let k(q) = -67*q**2 + 13*q + 8. What is k(-1)?
-72
Let x(f) = 2*f**2 - 267*f - 3307. Give x(-12).
185
Let b(h) = 361*h + 2878. Calculate b(-8).
-10
Let g(b) = -3*b**2 + 482*b + 10836. Determine g(-20).
-4
Let p(l) = 63*l**2 + 19*l + 4. Determine p(1).
86
Let h(c) = -23*c - 183. What is h(-6)?
-45
Let k(u) = -11*u**2 - 52*u - 26. Determine k(-7).
-201
Let c(w) = -228*w + 1513. Give c(7).
-83
Let s(j) = 17*j**3 + 312*j**2 + 110*j + 26. Determine s(-18).
-10
Let j(z) = z - 1. Give j(0).
-1
Let k(t) = 2*t**2 - 16*t + 79. What is k(4)?
47
Let m(q) = q**2 - 130*q - 494. What is m(-4)?
42
Let k(b) = 6*b**2 + 369*b - 573. What is k(-63)?
-6
Let n(t) = -13*t**2 + 522*t + 1669. What is n(-3)?
-14
Let q(l) = l**2 + 19*l - 415. Determine q(-29).
-125
Let n(u) = -5*u**2 - 55*u - 10. What is n(-12)?
-70
Let c(w) = -w + 45. Determine c(9).
36
Let m(y) = y**3 - 18*y**2 - 33*y + 219. Determine m(19).
-47
Let o(i) = i**3 + 34*i**2 + 76*i - 79. Calculate o(-31).
448
Let f(m) = m**2 - 419*m + 4940. Give f(12).
56
Let a(b) = 4*b**2 + 851*b + 4202. What is a(-5)?
47
Let d(a) = 5*a - 126. Determine d(29).
19
Let v(u) = u**3 - 17*u**2 - 19*u + 26. Give v(18).
8
Let c(b) = 16*b + 41. Calculate c(-4).
-23
Let o(g) = g**2 - 19*g + 21. Determine o(9).
-69
Let q(g) = -210*g + 10289. Give q(49).
-1
Let i(l) = -49*l - 208. Determine i(-6).
86
Let x(t) = -17*t + 24. Calculate x(-3).
75
Let u(m) = m**2 + 8*m - 9. Calculate u(-11).
24
Let c(g) = 112*g**2 - 256*g + 10. Determine c(2).
-54
Let f(q) = -5*q - 271. Give f(-51).
-16
Let h(m) = 37*m - 1405. Calculate h(38).
1
Let s(i) = -25*i + 1535. What is s(46)?
385
Let s(q) = -q**3 - 4*q**2 - 292*q + 1203. Determine s(4).
-93
Let z(u) = -u**3 + 21*u**2 - 100*u + 4. Calculate z(7).
-10
Let n(m) = -100*m - 18. What is n(0)?
-18
Let t(o) = -478*o + 37768. Calculate t(79).
6
Let s(p) = 332*p - 3661. Give s(11).
-9
Let t(k) = 5*k**2 - k + 34. Determine t(-2).
56
Let y(r) = 3*r**2 - 21. Calculate y(4).
27
Let p(l) = 2*l**2 + 14*l - 517. What is p(13)?
3
Let w(f) = -3*f**2 - 9*f - 16. What is w(18)?
-1150
Let n(h) = h**3 - 36*h**2 - 59*h - 629. What is n(38)?
17
Let v(i) = -2*i**3 + 19*i**2 + 10*i + 15. Calculate v(10).
15
Let c(g) = 2*g**3 + 26*g**2 + 36*g - 10. Calculate c(-11).
78
Let p(q) = 629*q - 608. Determine p(1).
21
Let x(p) = -72*p**2 + 366*p - 20. Determine x(5).
10
Let j(o) = 4*o**2 + 20*o + 133. Determine j(10).
733
Let q(p) = 123*p**2 - 1119*p + 103. What is q(9)?
-5
Let h(t) = 3*t**3 - t**2 - 9*t - 79. What is h(-5)?
-434
Let u(x) = -6*x + 520. Give u(99).
-74
Let w(z) = z**3 - 7*z**2 + 29*z + 37. Calculate w(-1).
0
Let r(n) = -n**3 - n**2 + 44*n + 124. Give r(-4).
-4
Let g(q) = -18*q + 411. Calculate g(29).
-111
Let r(p) = -p**3 - 7*p**2 + 81*p - 75. What is r(5)?
30
Let o(y) = 153*y - 295. Calculate o(2).
11
Let d(s) = 6*s**3 + 272*s**2 + 86*s - 167. What is d(-45)?
13
Let p(u) = -u**3 - 4*u**2 - 12. Give p(-4).
-12
Let g(a) = -a**2 - 163*a + 5655. Give g(29).
87
Let i(x) = x**2 + 3*x - 94. Calculate i(-8).
-54
Let t(p) = 2*p**3 + 57*p**2 - 37*p - 90. Determine t(-29).
142
Let p(x) = 6972*x + 62742. Calculate p(-9).
-6
Let s(m) = -2*m**2 - 120*m + 140. Determine s(-60).
140
Let t(f) = f**2 - 117*f + 1865. Give t(19).
3
Let x(d) = -61*d - 386. What is x(-6)?
-20
Let v(z) = -z**3 + 15*z**2 - 45*z + 1339. What is v(17)?
-4
Let f(p) = -6926*p - 96959. Calculate f(-14).
5
Let t(y) = 255*y + 2773. Give t(-11).
-32
Let n(r) = r**2 - 97*r + 471. Give n(5).
11
Let v(g) = -3*g**2 - 72*g + 2273. Calculate v(-42).
5
Let n(j) = -j**2 + 28*j - 158. What is n(7)?
-11
Let p(v) = v**3 - 14*v**2 + 30*v - 13. What is p(8)?
-157
Let c(v) = 14*v**2 - 169*v - 1356. Calculate c(-8).
892
Let t(b) = -106*b + 2286. Determine t(22).
-46
Let n(c) = 9*c**3 + 93*c**2 + 37*c + 102. Give n(-10).
32
Let u(c) = -1274*c + 7633. What is u(6)?
-11
Let j(d) = 5*d**2 + 543*d + 2099. Determine j(-4).
7
Let h(b) = -9*b**2 + 447*b + 174. Determine h(50).
24
Let q(i) = 7*i**2 + 34*i + 5. Give q(-4).
-19
Let k(u) = -u - 60. Determine k(14).
-74
Let u(v) = v**2 + 5*v + 18. Give u(-6).
24
Let y(g) = 4*g**3 + 24*g**2 + 10*g + 11. Determine y(-7).
-255
Let r(n) = -5*n - 227. Determine r(-38).
-37
Let k(v) = -v**3 - 13*v**2 + 9*v + 25. Give k(0).
25
Let a(o) = 257*o**2 - 268*o + 2. Give a(1).
-9
Let p(k) = -2*k**2 - 60*k + 1490. Determine p(16).
18
Let w(c) = -c**3 - 24*c**2 - 50*c - 209. Determine w(-22).
-77
Let m(q) = 46*q - 5892. Give m(128).
-4
Let p(x) = x**2 + 99*x + 556. Give p(-6).
-2
Let p(f) = f**3 + 38*f**2 - 360*f - 44. Give p(-46).
-412
Let d(j) = -24*j - 122. Determine d(-9).
94
Let l(n) = -n**3 - 18*n**2 + 31*n - 223. Determine l(-20).
-43
Let a(z) = -1474*z + 20595. Determine a(14).
-41
Let h(p) = -6*p - 3. Calculate h(-7).
39
Let x(h) = h**3 + 6*h**2 - 59*h - 1